t g(z) = 14*z**2 + 34*z - 494. Give g(13).
2314
Let d(g) = 2*g**2 - 147*g - 43661. What is d(189)?
-2
Let n(p) = -3*p**2 + 230*p - 322. Determine n(77).
-399
Let l(s) = -5*s**3 - 1712*s**2 + 4478*s + 439. What is l(-345)?
2854
Let u(f) = -1502*f + 3188. Determine u(3).
-1318
Let a(y) = y**2 + 29*y + 128. Give a(-27).
74
Let n(c) = 334*c + 100105. Determine n(-299).
239
Let v(y) = -y**3 - 396*y**2 + 4471*y - 2491. What is v(-407)?
-49
Let a(x) = -x**2 - 46*x + 15. Calculate a(-52).
-297
Let j(i) = -10*i**3 - 132*i**2 - 54*i - 484. Give j(-13).
-120
Let i(b) = 16*b**3 + 10*b**2 + 68*b - 6. Calculate i(6).
4218
Let u(d) = -d**2 + 25*d - 247. Calculate u(45).
-1147
Let k(t) = 14*t**3 + 4*t**2 - 17*t - 8. Give k(-4).
-772
Let p(l) = -l**3 - 15*l**2 + 36*l + 875. Determine p(-14).
175
Let q(v) = -12*v**3 + 792*v**2 + 5*v - 331. Determine q(66).
-1
Let o(l) = -104*l**2 + 1553*l - 7762. Determine o(5).
-2597
Let y(h) = -h**3 + 12*h**2 + 255*h - 3130. Calculate y(13).
16
Let o(j) = j**3 + 42*j**2 + 86*j + 156. What is o(-40)?
-84
Let q(o) = 1090*o - 12085. What is q(14)?
3175
Let c(y) = 15273*y + 137510. Give c(-9).
53
Let m(t) = 5*t**3 - 800*t**2 - 820*t + 2259. What is m(161)?
-156
Let v(o) = -9*o**2 + 2572*o + 25335. Determine v(-10).
-1285
Let p(d) = 33*d**3 + 2921*d**2 + 29261*d + 58. What is p(-77)?
-19
Let q(h) = 213*h**2 - 10*h - 25. Determine q(-1).
198
Let q(v) = -56*v**3 + 1961*v**2 + 64*v - 3620. Calculate q(35).
-155
Let q(a) = -a**3 + 126*a**2 - 73*a - 6489. Determine q(125).
11
Let y(p) = 17572*p - 720484. Determine y(41).
-32
Let s(k) = k**3 + 35*k**2 - 114*k - 4372. What is s(-34)?
660
Let k(y) = y**3 + 216*y**2 - 2279*y - 4292. Determine k(-226).
2
Let b(i) = -4047*i + 56586. Determine b(14).
-72
Let h(g) = -g**3 + 96*g**2 + 78*g + 1777. Calculate h(97).
-66
Let v(k) = 9*k**2 + 836*k + 10590. Determine v(-13).
1243
Let s(v) = 186*v + 98401. Give s(-534).
-923
Let m(p) = 35*p**3 + 8*p**2 - 3*p - 36. What is m(-4)?
-2136
Let a(d) = 193*d - 2051. What is a(11)?
72
Let a(o) = -o**2 - 3130*o - 2263485. Determine a(-1134).
-21
Let w(s) = -91*s**2 + 484*s - 108. Determine w(5).
37
Let p(n) = -2*n**3 + 415*n**2 - 582*n - 7410. Calculate p(206).
6
Let w(s) = 955*s - 7764. What is w(9)?
831
Let y(d) = -23690*d - 6088339. Give y(-257).
-9
Let g(i) = -168691*i - 5904191. What is g(-35)?
-6
Let l(d) = d**3 + 20*d**2 + 408*d + 9952. Give l(-22).
8
Let q(c) = -2*c**2 + 99*c + 520. What is q(-5)?
-25
Let j(i) = -4*i**2 + 100953*i - 201888. Determine j(2).
2
Let s(w) = 987*w - 612. Give s(1).
375
Let d(u) = -394*u - 153416. Give d(-390).
244
Let n(x) = -x**3 - 52*x**2 + 1513*x + 80684. What is n(-50)?
34
Let s(v) = 505*v**2 + 453*v + 115. Give s(-4).
6383
Let s(d) = 7*d**2 - 9274*d + 522808. Give s(59).
9
Let r(w) = 2*w**3 - 37*w**2 - 45*w - 1065. Calculate r(21).
195
Let s(z) = -24*z**2 + 1325*z - 155. Give s(55).
120
Let t(v) = 25*v**2 - 8549*v + 66793. Calculate t(8).
1
Let y(w) = 8*w**2 + 29663*w - 207686. Give y(7).
347
Let s(f) = -23*f**2 + 388*f - 27. Calculate s(17).
-78
Let a(w) = 18*w**2 - 89533*w + 179068. What is a(2)?
74
Let a(k) = 17*k**2 + 549*k - 11742. Determine a(-47).
8
Let g(b) = 10*b**3 - 75*b**2 - 7*b - 171. Give g(8).
93
Let v(p) = -125*p - 6998. Determine v(-64).
1002
Let v(k) = -2*k**2 - 38*k - 791. Determine v(-13).
-635
Let l(d) = 5*d**2 - 497*d + 1389. Determine l(96).
-243
Let k(o) = -14*o**3 + 78*o**2 - 36*o + 46. Determine k(7).
-1186
Let s(y) = y**3 + 49*y**2 - 156*y - 202. Give s(4).
22
Let a(i) = -i**3 - 123*i**2 + 8612*i - 6802. What is a(-173)?
-228
Let z(v) = 6*v**2 + 3117*v - 17013. Give z(-525).
312
Let a(i) = i**2 - 196*i + 7475. Determine a(49).
272
Let a(z) = 6750*z - 2247746. Give a(333).
4
Let u(q) = q**3 - 50*q**2 - 801*q + 41616. Calculate u(49).
-34
Let l(b) = -2*b**3 + 580*b**2 + 2960*b - 2970. Calculate l(295).
-20
Let k(s) = s**3 - 9*s**2 + 56*s - 618. Calculate k(10).
42
Let n(o) = -o**2 - 2350*o + 37853. Give n(16).
-3
Let g(j) = -10*j**3 - 74*j**2 - 187*j - 315. Calculate g(-5).
20
Let w(g) = -g**2 - 100*g + 1846. Determine w(-124).
-1130
Let k(c) = c**3 + 124*c**2 + 3821*c + 998. Calculate k(-68).
114
Let b(p) = -2*p**3 - 241*p**2 - 2792*p + 8. Calculate b(-13).
-31
Let r(b) = 23*b + 2692. What is r(-97)?
461
Let v(p) = -518*p - 2210. Determine v(-10).
2970
Let y(v) = -3*v**3 - 2*v**2 + 343*v + 247. What is y(0)?
247
Let k(g) = -10*g**3 - 1893*g**2 - 550*g + 3193. Determine k(-189).
-20
Let u(m) = 3210*m - 2722077. Calculate u(848).
3
Let q(n) = -n**3 + 6*n**2 - 18*n + 112. Determine q(9).
-293
Let v(n) = 11*n**2 + 49*n + 30. Give v(-6).
132
Let h(x) = 2*x**3 + 50*x**2 - 37*x - 69. What is h(-26)?
-459
Let l(c) = 6078*c - 4929334. What is l(811)?
-76
Let g(j) = -170*j - 11231. Calculate g(-68).
329
Let k(o) = -79*o**2 + 443*o + 1198. Determine k(-2).
-4
Let v(p) = 65*p**2 + 34845*p + 2667. Give v(-536).
-13
Let l(y) = -y**2 + 587*y + 27973. What is l(-45)?
-467
Let k(i) = -26280*i + 52075. Give k(2).
-485
Let j(o) = 902*o**2 + 450098*o - 13. Determine j(-499).
-13
Let o(i) = i**2 + 413*i + 27661. What is o(-83)?
271
Let w(b) = 3*b**3 + 32*b**2 + 43*b + 275. Determine w(-6).
521
Let n(h) = -68626*h - 6999850. Calculate n(-102).
2
Let z(i) = -6*i**2 - 431*i + 7209. Determine z(14).
-1
Let p(w) = -9*w**2 - 3166*w - 5793. Give p(-350).
-193
Let d(i) = 373268*i + 4852502. What is d(-13)?
18
Let h(w) = 2*w**2 + 82001*w + 82002. Calculate h(-1).
3
Let q(x) = -x**3 + 340*x**2 - 358*x + 6422. Give q(339).
-19
Let l(o) = -2*o**3 + 14*o**2 + 3*o + 75. What is l(6)?
165
Let p(i) = -i**2 + 379*i + 16738. Give p(-40).
-22
Let v(l) = 18*l**2 + 473*l - 1205. Give v(-28).
-337
Let h(l) = l**3 - 11*l**2 - 24*l + 216. Give h(4).
8
Let k(b) = -b**3 - 5*b**2 + 23*b - 99. What is k(-8)?
-91
Let f(w) = 18*w**3 + 44*w**2 - 57*w + 57. Give f(1).
62
Let w(l) = -6*l**2 + 191*l - 50. Give w(29).
443
Let h(q) = -228229*q - 2054089. Determine h(-9).
-28
Let q(z) = -79*z**2 + 1159*z - 139. What is q(15)?
-529
Let c(g) = -g**2 - 1405*g - 19411. What is c(-14)?
63
Let c(m) = -17*m**2 + 1841*m - 536. Determine c(108).
4
Let a(y) = 118*y**2 - 915*y + 32. Determine a(8).
264
Let p(w) = 7*w**2 - 120*w - 392. Determine p(-3).
31
Let g(x) = 11483*x + 22957. Calculate g(-2).
-9
Let p(s) = -s**3 - 58*s**2 + 279*s + 1740. Determine p(-62).
-182
Let p(i) = -1250*i + 5032. Determine p(4).
32
Let l(i) = -3*i**2 + 6225*i - 123299. What is l(20)?
1
Let s(j) = 105*j - 1695. Calculate s(11).
-540
Let j(w) = 22727*w + 113610. Determine j(-5).
-25
Let a(n) = -n**3 + 79*n**2 + 300*n + 126. What is a(83)?
-2530
Let c(l) = 58*l**2 + 984*l + 2933. What is c(-3)?
503
Let y(s) = -s**3 - 123*s**2 - 752*s - 318. Determine y(-6).
-18
Let d(i) = -21661*i - 85804. What is d(-4)?
840
Let h(d) = 28*d - 111. Calculate h(3).
-27
Let c(u) = 1317*u - 3834. Give c(2).
-1200
Let z(m) = -2*m**3 - 106*m**2 - 184*m + 2427. What is z(4)?
-133
Let w(s) = 90*s**2 - 69*s - 218. Calculate w(-3).
799
Let n(x) = -5203*x - 1212274. Give n(-233).
25
Let r(w) = w**3 + 60*w**2 - 358*w - 14514. What is r(-62)?
-6
Let t(y) = 1549*y - 13932. What is t(9)?
9
Let r(h) = -2*h**2 + 2526*h - 52170. What is r(21)?
-6
Let s(i) = 122*i**2 - 9914*i - 7390. What is s(82)?
-10
Let r(k) = 134*k**2 + 131*k - 153. Determine r(1).
112
Let u(a) = 23*a + 222. Determine u(24).
774
Let d(n) = -6*n**2 - 1277*n - 3586. Calculate d(-210).
-16
Let t(a) = 36*a**3 - 1439*a**2 - 35*a - 209. Give t(40).
-9
Let r(p) = 2*p**3 - 5216*p**2 + 26030*p + 1. Give r(5).
1
Let h(m) = -8024*m**2 + 40128*m + 21. What is h(5)?
61
Let r(s) = s**3 - 43*s**2 + 291*s - 102. Determine r(34).
-612
Let a(m) = -5592*m + 4259. Determine a(0).
4259
Let n(w) = 3*w**3 - 9*w**2 - 22*w - 41. What is n(8)?
743
Let q(d) = -41*d - 2671. Give q(-89).
978
Let f(x) = 608003*x - 7296024. What is f(12)?
12
Let d(x) = 4072*x + 11990. Calculate d(-3).
-226
Let r(x) = -x**2 + 1859*x + 9319. What is r(-5)?
-1
Let m(o) = 4008*o - 56377. Determine m(14).
-265
Let s(i) = 3*i**2 - 66*i - 1557. Determine s(24).
-1413
Let t(q) = -q**2 + 2079*q - 177063. Calculate t(89).
47
Let u(o) = 185*o - 1307. What is u(0)?
-1307
Let n(x) = -101*x**2 + 319*x - 46. Give n(6).
-1768
Let s(z) = -71491*z - 1215413. Calculate s(-17).
-66
Let n(m) = m**2 - 37*m - 7226